{"id":146,"date":"2014-04-14T02:05:36","date_gmt":"2014-04-14T02:05:36","guid":{"rendered":"http:\/\/450841.test-my-website.de\/?page_id=146"},"modified":"2024-04-19T17:04:25","modified_gmt":"2024-04-19T17:04:25","slug":"wahlprogramm","status":"publish","type":"page","link":"https:\/\/gruene-reilingen.de\/?page_id=146","title":{"rendered":"Wahlprogramm"},"content":{"rendered":"<h1 style=\"text-align: center;\">F\u00fcr heute, f\u00fcr morgen, f\u00fcr Reilingen<\/h1>\n<h2>F\u00fcr verl\u00e4ssliche Bildung<\/h2>\n<ul>\n<li>Kinderg\u00e4rten, Kitas und Schule fit f\u00fcr die Zukunft machen<\/li>\n<li>Schulsozialarbeit und mobile Jugendarbeit ausbauen<\/li>\n<li>R\u00e4ume f\u00fcr Kinder und Jugendliche erhalten und schaffen<\/li>\n<\/ul>\n<h2>F\u00fcr B\u00f6den voller Leben<\/h2>\n<ul>\n<li>Orientierung an der &#8222;Schwammstadt&#8220;: lebendiges Gr\u00fcn statt Asphalt und Beton<\/li>\n<li>L\u00e4ndlichen Raum erhalten und den Fl\u00e4chenverbrauch stoppen<\/li>\n<li>\u00d6ffentlichen Diskurs um Verzicht auf Pestizide f\u00fchren, informieren und motivieren<\/li>\n<\/ul>\n<h2>F\u00fcr ein starkes Miteinander<\/h2>\n<ul>\n<li>Das Ehrenamt und unsere Vereine unterst\u00fctzen<\/li>\n<li>Zusammen mit der Kommunalen Wohnungsbaugesellschaft (KWG) mehr sozialen Wohnraum schaffen<\/li>\n<li>Zusammen den Titel &#8222;Fairtrade-Town&#8220; anstreben<\/li>\n<li>Coworking-Space-M\u00f6glichkeiten schaffen<\/li>\n<li>Mehr Transparenz und mehr B\u00fcrgerdialoge f\u00fcr kommunale Entscheidungen<\/li>\n<\/ul>\n<h2>\u00a0F\u00fcr Energie vor Ort<\/h2>\n<ul>\n<li>100 Prozent \u00d6kostrom und Biogas f\u00fcr die kommunale Versorgung<\/li>\n<li>Stra\u00dfenbeleuchtung auf warm-wei\u00dfe LED umr\u00fcsten<\/li>\n<li>F\u00f6rderprogramm f\u00fcr private Balkonkraftwerke erhalten<\/li>\n<\/ul>\n<h2>F\u00fcr mehr gr\u00fcne Orte<\/h2>\n<ul>\n<li>\u00d6kologisches Potential der Reilinger G\u00e4rten und Vorg\u00e4rten sowie der \u00f6ffentlichen Fl\u00e4chen gemeinsam verbessern<\/li>\n<li>Kommunale Gr\u00fcnfl\u00e4chen naturnah gestalten, zusammen mit dem Jugendgemeinderat den B\u00fcrgerpark aufwerten<\/li>\n<li>Mehr schattenspendende B\u00e4ume f\u00fcr den Kraichbach<\/li>\n<\/ul>\n<h2><\/h2>\n<h2>F\u00fcr Mobilit\u00e4t mit Zukunft<\/h2>\n<ul>\n<li>Sichere Schulwege und barrierefreie Fu\u00dfg\u00e4ngerwege sind uns sehr wichtig<\/li>\n<li>\u00d6PNV-Vernetzung nach Wiesloch-Walldorf weiter ausbauen<\/li>\n<li>Radmobilit\u00e4t st\u00e4rken, den Radweg nach Kirrlach sanieren<\/li>\n<\/ul>\n","protected":false},"excerpt":{"rendered":"<p>F\u00fcr heute, f\u00fcr morgen, f\u00fcr Reilingen F\u00fcr verl\u00e4ssliche Bildung Kinderg\u00e4rten, Kitas und Schule fit f\u00fcr die Zukunft machen Schulsozialarbeit und mobile Jugendarbeit ausbauen R\u00e4ume f\u00fcr Kinder und Jugendliche erhalten und [&hellip;]<\/p>\n","protected":false},"author":2,"featured_media":0,"parent":0,"menu_order":22,"comment_status":"closed","ping_status":"closed","template":"","meta":{"footnotes":""},"class_list":["post-146","page","type-page","status-publish","hentry"],"yoast_head":"<!-- This site is optimized with the Yoast SEO plugin v27.5 - https:\/\/yoast.com\/product\/yoast-seo-wordpress\/ -->\n<title>Wahlprogramm - B\u00dcNDNIS 90\/DIE GR\u00dcNEN REILINGEN<\/title>\n<meta name=\"robots\" content=\"index, follow, max-snippet:-1, max-image-preview:large, max-video-preview:-1\" \/>\n<link rel=\"canonical\" href=\"https:\/\/gruene-reilingen.de\/?page_id=146\" \/>\n<meta property=\"og:locale\" content=\"de_DE\" \/>\n<meta property=\"og:type\" content=\"article\" \/>\n<meta property=\"og:title\" content=\"Wahlprogramm - B\u00dcNDNIS 90\/DIE GR\u00dcNEN REILINGEN\" \/>\n<meta property=\"og:description\" content=\"F\u00fcr heute, f\u00fcr morgen, f\u00fcr Reilingen F\u00fcr verl\u00e4ssliche Bildung Kinderg\u00e4rten, Kitas und Schule fit f\u00fcr die Zukunft machen Schulsozialarbeit und mobile Jugendarbeit ausbauen R\u00e4ume f\u00fcr Kinder und Jugendliche erhalten und [&hellip;]\" \/>\n<meta property=\"og:url\" content=\"https:\/\/gruene-reilingen.de\/?page_id=146\" \/>\n<meta property=\"og:site_name\" content=\"B\u00dcNDNIS 90\/DIE GR\u00dcNEN REILINGEN\" \/>\n<meta property=\"article:modified_time\" content=\"2024-04-19T17:04:25+00:00\" \/>\n<meta name=\"twitter:card\" content=\"summary_large_image\" \/>\n<meta name=\"twitter:label1\" content=\"Gesch\u00e4tzte Lesezeit\" \/>\n\t<meta name=\"twitter:data1\" content=\"1\u00a0Minute\" \/>\n<script type=\"application\/ld+json\" class=\"yoast-schema-graph\">{\"@context\":\"https:\\\/\\\/schema.org\",\"@graph\":[{\"@type\":\"WebPage\",\"@id\":\"https:\\\/\\\/gruene-reilingen.de\\\/?page_id=146\",\"url\":\"https:\\\/\\\/gruene-reilingen.de\\\/?page_id=146\",\"name\":\"Wahlprogramm - B\u00dcNDNIS 90\\\/DIE GR\u00dcNEN REILINGEN\",\"isPartOf\":{\"@id\":\"https:\\\/\\\/gruene-reilingen.de\\\/#website\"},\"datePublished\":\"2014-04-14T02:05:36+00:00\",\"dateModified\":\"2024-04-19T17:04:25+00:00\",\"breadcrumb\":{\"@id\":\"https:\\\/\\\/gruene-reilingen.de\\\/?page_id=146#breadcrumb\"},\"inLanguage\":\"de\",\"potentialAction\":[{\"@type\":\"ReadAction\",\"target\":[\"https:\\\/\\\/gruene-reilingen.de\\\/?page_id=146\"]}]},{\"@type\":\"BreadcrumbList\",\"@id\":\"https:\\\/\\\/gruene-reilingen.de\\\/?page_id=146#breadcrumb\",\"itemListElement\":[{\"@type\":\"ListItem\",\"position\":1,\"name\":\"Startseite\",\"item\":\"https:\\\/\\\/gruene-reilingen.de\\\/\"},{\"@type\":\"ListItem\",\"position\":2,\"name\":\"Wahlprogramm\"}]},{\"@type\":\"WebSite\",\"@id\":\"https:\\\/\\\/gruene-reilingen.de\\\/#website\",\"url\":\"https:\\\/\\\/gruene-reilingen.de\\\/\",\"name\":\"B\u00dcNDNIS 90\\\/DIE GR\u00dcNEN REILINGEN\",\"description\":\"\",\"potentialAction\":[{\"@type\":\"SearchAction\",\"target\":{\"@type\":\"EntryPoint\",\"urlTemplate\":\"https:\\\/\\\/gruene-reilingen.de\\\/?s={search_term_string}\"},\"query-input\":{\"@type\":\"PropertyValueSpecification\",\"valueRequired\":true,\"valueName\":\"search_term_string\"}}],\"inLanguage\":\"de\"}]}<\/script>\n<!-- \/ Yoast SEO plugin. -->","yoast_head_json":{"title":"Wahlprogramm - B\u00dcNDNIS 90\/DIE GR\u00dcNEN REILINGEN","robots":{"index":"index","follow":"follow","max-snippet":"max-snippet:-1","max-image-preview":"max-image-preview:large","max-video-preview":"max-video-preview:-1"},"canonical":"https:\/\/gruene-reilingen.de\/?page_id=146","og_locale":"de_DE","og_type":"article","og_title":"Wahlprogramm - B\u00dcNDNIS 90\/DIE GR\u00dcNEN REILINGEN","og_description":"F\u00fcr heute, f\u00fcr morgen, f\u00fcr Reilingen F\u00fcr verl\u00e4ssliche Bildung Kinderg\u00e4rten, Kitas und Schule fit f\u00fcr die Zukunft machen Schulsozialarbeit und mobile Jugendarbeit ausbauen R\u00e4ume f\u00fcr Kinder und Jugendliche erhalten und [&hellip;]","og_url":"https:\/\/gruene-reilingen.de\/?page_id=146","og_site_name":"B\u00dcNDNIS 90\/DIE GR\u00dcNEN REILINGEN","article_modified_time":"2024-04-19T17:04:25+00:00","twitter_card":"summary_large_image","twitter_misc":{"Gesch\u00e4tzte Lesezeit":"1\u00a0Minute"},"schema":{"@context":"https:\/\/schema.org","@graph":[{"@type":"WebPage","@id":"https:\/\/gruene-reilingen.de\/?page_id=146","url":"https:\/\/gruene-reilingen.de\/?page_id=146","name":"Wahlprogramm - B\u00dcNDNIS 90\/DIE GR\u00dcNEN REILINGEN","isPartOf":{"@id":"https:\/\/gruene-reilingen.de\/#website"},"datePublished":"2014-04-14T02:05:36+00:00","dateModified":"2024-04-19T17:04:25+00:00","breadcrumb":{"@id":"https:\/\/gruene-reilingen.de\/?page_id=146#breadcrumb"},"inLanguage":"de","potentialAction":[{"@type":"ReadAction","target":["https:\/\/gruene-reilingen.de\/?page_id=146"]}]},{"@type":"BreadcrumbList","@id":"https:\/\/gruene-reilingen.de\/?page_id=146#breadcrumb","itemListElement":[{"@type":"ListItem","position":1,"name":"Startseite","item":"https:\/\/gruene-reilingen.de\/"},{"@type":"ListItem","position":2,"name":"Wahlprogramm"}]},{"@type":"WebSite","@id":"https:\/\/gruene-reilingen.de\/#website","url":"https:\/\/gruene-reilingen.de\/","name":"B\u00dcNDNIS 90\/DIE GR\u00dcNEN REILINGEN","description":"","potentialAction":[{"@type":"SearchAction","target":{"@type":"EntryPoint","urlTemplate":"https:\/\/gruene-reilingen.de\/?s={search_term_string}"},"query-input":{"@type":"PropertyValueSpecification","valueRequired":true,"valueName":"search_term_string"}}],"inLanguage":"de"}]}},"_links":{"self":[{"href":"https:\/\/gruene-reilingen.de\/index.php?rest_route=\/wp\/v2\/pages\/146","targetHints":{"allow":["GET"]}}],"collection":[{"href":"https:\/\/gruene-reilingen.de\/index.php?rest_route=\/wp\/v2\/pages"}],"about":[{"href":"https:\/\/gruene-reilingen.de\/index.php?rest_route=\/wp\/v2\/types\/page"}],"author":[{"embeddable":true,"href":"https:\/\/gruene-reilingen.de\/index.php?rest_route=\/wp\/v2\/users\/2"}],"replies":[{"embeddable":true,"href":"https:\/\/gruene-reilingen.de\/index.php?rest_route=%2Fwp%2Fv2%2Fcomments&post=146"}],"version-history":[{"count":18,"href":"https:\/\/gruene-reilingen.de\/index.php?rest_route=\/wp\/v2\/pages\/146\/revisions"}],"predecessor-version":[{"id":2645,"href":"https:\/\/gruene-reilingen.de\/index.php?rest_route=\/wp\/v2\/pages\/146\/revisions\/2645"}],"wp:attachment":[{"href":"https:\/\/gruene-reilingen.de\/index.php?rest_route=%2Fwp%2Fv2%2Fmedia&parent=146"}],"curies":[{"name":"wp","href":"https:\/\/api.w.org\/{rel}","templated":true}]}}

<h1 style="text-align: center;">Für heute, für morgen, für Reilingen</h1>
<h2>Für verlässliche Bildung</h2>
<ul>
<li>Kindergärten, Kitas und Schule fit für die Zukunft machen</li>
<li>Schulsozialarbeit und mobile Jugendarbeit ausbauen</li>
<li>Räume für Kinder und Jugendliche erhalten und schaffen</li>
</ul>
<h2>Für Böden voller Leben</h2>
<ul>
<li>Orientierung an der &#8222;Schwammstadt&#8220;: lebendiges Grün statt Asphalt und Beton</li>
<li>Ländlichen Raum erhalten und den Flächenverbrauch stoppen</li>
<li>Öffentlichen Diskurs um Verzicht auf Pestizide führen, informieren und motivieren</li>
</ul>
<h2>Für ein starkes Miteinander</h2>
<ul>
<li>Das Ehrenamt und unsere Vereine unterstützen</li>
<li>Zusammen mit der Kommunalen Wohnungsbaugesellschaft (KWG) mehr sozialen Wohnraum schaffen</li>
<li>Zusammen den Titel &#8222;Fairtrade-Town&#8220; anstreben</li>
<li>Coworking-Space-Möglichkeiten schaffen</li>
<li>Mehr Transparenz und mehr Bürgerdialoge für kommunale Entscheidungen</li>
</ul>
<h2> Für Energie vor Ort</h2>
<ul>
<li>100 Prozent Ökostrom und Biogas für die kommunale Versorgung</li>
<li>Straßenbeleuchtung auf warm-weiße LED umrüsten</li>
<li>Förderprogramm für private Balkonkraftwerke erhalten</li>
</ul>
<h2>Für mehr grüne Orte</h2>
<ul>
<li>Ökologisches Potential der Reilinger Gärten und Vorgärten sowie der öffentlichen Flächen gemeinsam verbessern</li>
<li>Kommunale Grünflächen naturnah gestalten, zusammen mit dem Jugendgemeinderat den Bürgerpark aufwerten</li>
<li>Mehr schattenspendende Bäume für den Kraichbach</li>
</ul>
<h2></h2>
<h2>Für Mobilität mit Zukunft</h2>
<ul>
<li>Sichere Schulwege und barrierefreie Fußgängerwege sind uns sehr wichtig</li>
<li>ÖPNV-Vernetzung nach Wiesloch-Walldorf weiter ausbauen</li>
<li>Radmobilität stärken, den Radweg nach Kirrlach sanieren</li>
</ul>

<p>Für heute, für morgen, für Reilingen Für verlässliche Bildung Kindergärten, Kitas und Schule fit für die Zukunft machen Schulsozialarbeit und mobile Jugendarbeit ausbauen Räume für Kinder und Jugendliche erhalten und [&hellip;]</p>

<!-- This site is optimized with the Yoast SEO plugin v27.5 - https://yoast.com/product/yoast-seo-wordpress/ -->
<title>Wahlprogramm - BÜNDNIS 90/DIE GRÜNEN REILINGEN</title>
<meta name="robots" content="index, follow, max-snippet:-1, max-image-preview:large, max-video-preview:-1" />
<link rel="canonical" href="https://gruene-reilingen.de/?page_id=146" />
<meta property="og:locale" content="de_DE" />
<meta property="og:type" content="article" />
<meta property="og:title" content="Wahlprogramm - BÜNDNIS 90/DIE GRÜNEN REILINGEN" />
<meta property="og:description" content="Für heute, für morgen, für Reilingen Für verlässliche Bildung Kindergärten, Kitas und Schule fit für die Zukunft machen Schulsozialarbeit und mobile Jugendarbeit ausbauen Räume für Kinder und Jugendliche erhalten und [&hellip;]" />
<meta property="og:url" content="https://gruene-reilingen.de/?page_id=146" />
<meta property="og:site_name" content="BÜNDNIS 90/DIE GRÜNEN REILINGEN" />
<meta property="article:modified_time" content="2024-04-19T17:04:25+00:00" />
<meta name="twitter:card" content="summary_large_image" />
<meta name="twitter:label1" content="Geschätzte Lesezeit" />
	<meta name="twitter:data1" content="1 Minute" />
<script type="application/ld+json" class="yoast-schema-graph">{"@context":"https:\/\/schema.org","@graph":[{"@type":"WebPage","@id":"https:\/\/gruene-reilingen.de\/?page_id=146","url":"https:\/\/gruene-reilingen.de\/?page_id=146","name":"Wahlprogramm - BÜNDNIS 90\/DIE GRÜNEN REILINGEN","isPartOf":{"@id":"https:\/\/gruene-reilingen.de\/#website"},"datePublished":"2014-04-14T02:05:36+00:00","dateModified":"2024-04-19T17:04:25+00:00","breadcrumb":{"@id":"https:\/\/gruene-reilingen.de\/?page_id=146#breadcrumb"},"inLanguage":"de","potentialAction":[{"@type":"ReadAction","target":["https:\/\/gruene-reilingen.de\/?page_id=146"]}]},{"@type":"BreadcrumbList","@id":"https:\/\/gruene-reilingen.de\/?page_id=146#breadcrumb","itemListElement":[{"@type":"ListItem","position":1,"name":"Startseite","item":"https:\/\/gruene-reilingen.de\/"},{"@type":"ListItem","position":2,"name":"Wahlprogramm"}]},{"@type":"WebSite","@id":"https:\/\/gruene-reilingen.de\/#website","url":"https:\/\/gruene-reilingen.de\/","name":"BÜNDNIS 90\/DIE GRÜNEN REILINGEN","description":"","potentialAction":[{"@type":"SearchAction","target":{"@type":"EntryPoint","urlTemplate":"https:\/\/gruene-reilingen.de\/?s={search_term_string}"},"query-input":{"@type":"PropertyValueSpecification","valueRequired":true,"valueName":"search_term_string"}}],"inLanguage":"de"}]}</script>
<!-- / Yoast SEO plugin. -->

Wahlprogramm - BÜNDNIS 90/DIE GRÜNEN REILINGEN

Für heute, für morgen, für Reilingen Für verlässliche Bildung Kindergärten, Kitas und Schule fit für die Zukunft machen Schulsozialarbeit und mobile Jugendarbeit ausbauen Räume für Kinder und Jugendliche erhalten und [&hellip;]

BÜNDNIS 90/DIE GRÜNEN REILINGEN
