{"id":192,"date":"2014-05-05T00:00:23","date_gmt":"2014-05-05T00:00:23","guid":{"rendered":"http:\/\/450841.test-my-website.de\/?page_id=192"},"modified":"2024-04-22T13:00:15","modified_gmt":"2024-04-22T13:00:15","slug":"gemeinderatswahl","status":"publish","type":"page","link":"https:\/\/gruene-reilingen.de\/?page_id=192","title":{"rendered":"Gemeinderatswahl 2024"},"content":{"rendered":"\r\n\r\n\r\n\r\n\r\n\r\n\r\n\r\n \r\n\r\n<table style=\"height: 29px;\" border=\"0\" width=\"18\">\n<tbody>\n<tr>\n<td>&nbsp;<\/td>\n<td>&nbsp;<\/td>\n<\/tr>\n<\/tbody>\n<\/table>\n<p style=\"text-align: center;\"><\/p>\n\n\n<div class=\"wp-block-media-text alignwide is-stacked-on-mobile\"><figure class=\"wp-block-media-text__media\"><img loading=\"lazy\" decoding=\"async\" width=\"380\" height=\"270\" src=\"https:\/\/gruene-reilingen.de\/wp-content\/uploads\/2024\/04\/Gruene-Reilingen_Gemeinderatswahl-2024_Teaser-Kandidaten.jpg\" alt=\"\" class=\"wp-image-2706 size-full\"\/><\/figure><div class=\"wp-block-media-text__content\">\n<p><a href=\"https:\/\/gruene-reilingen.de\/kandidaten\/\">Hier finden Sie Informationen zu unseren Gemeinderatskandidatinnen und -kandidaten<\/a><\/p>\n<\/div><\/div>\n\n\n\n<p><\/p>\n\n\n\n<div class=\"wp-block-media-text alignwide is-stacked-on-mobile\"><figure class=\"wp-block-media-text__media\"><img loading=\"lazy\" decoding=\"async\" width=\"380\" height=\"270\" src=\"https:\/\/gruene-reilingen.de\/wp-content\/uploads\/2024\/04\/Gruene-Reilingen_Gemeinderatswahl-2024_Teaser-Wahlprogramm.jpg\" alt=\"\" class=\"wp-image-2705 size-full\"\/><\/figure><div class=\"wp-block-media-text__content\">\n<p><a href=\"https:\/\/gruene-reilingen.de\/wahlprogramm\/\">Hier finden Sie unser Wahlprogramm f\u00fcr die Gemeinderatswahl am 09.06.2024<\/a><\/p>\n<\/div><\/div>\n\n\n\n<p><\/p>\n\n\n\n<div class=\"wp-block-media-text alignwide is-stacked-on-mobile\"><figure class=\"wp-block-media-text__media\"><img loading=\"lazy\" decoding=\"async\" width=\"380\" height=\"270\" src=\"https:\/\/gruene-reilingen.de\/wp-content\/uploads\/2024\/04\/Gruene-Reilingen_Gemeinderatswahl-2024_Teaser-Flyer.jpg\" alt=\"\" class=\"wp-image-2707 size-full\"\/><\/figure><div class=\"wp-block-media-text__content\">\n<p>Unsere Informationsbrosch\u00fcre mit Wahlprogramm und  Kandidatinnen und Kandidaten k\u00f6nnen Sie <a href=\"https:\/\/gruene-reilingen.de\/wp-content\/uploads\/2024\/04\/Flyer_Gruene_Gemeinderatswahl-2024.pdf\">hier herunterladen<\/a> (PDF-Datei)<\/p>\n<\/div><\/div>\n","protected":false},"excerpt":{"rendered":"<p>&nbsp; &nbsp; Hier finden Sie Informationen zu unseren Gemeinderatskandidatinnen und -kandidaten Hier finden Sie unser Wahlprogramm f\u00fcr die Gemeinderatswahl am 09.06.2024 Unsere Informationsbrosch\u00fcre mit Wahlprogramm und Kandidatinnen und Kandidaten k\u00f6nnen [&hellip;]<\/p>\n","protected":false},"author":2,"featured_media":0,"parent":0,"menu_order":0,"comment_status":"closed","ping_status":"closed","template":"","meta":{"footnotes":""},"class_list":["post-192","page","type-page","status-publish","hentry"],"yoast_head":"<!-- This site is optimized with the Yoast SEO plugin v27.5 - https:\/\/yoast.com\/product\/yoast-seo-wordpress\/ -->\n<title>Gemeinderatswahl 2024 - B\u00dcNDNIS 90\/DIE GR\u00dcNEN REILINGEN<\/title>\n<meta name=\"robots\" content=\"index, follow, max-snippet:-1, max-image-preview:large, max-video-preview:-1\" \/>\n<link rel=\"canonical\" href=\"https:\/\/gruene-reilingen.de\/?page_id=192\" \/>\n<meta property=\"og:locale\" content=\"de_DE\" \/>\n<meta property=\"og:type\" content=\"article\" \/>\n<meta property=\"og:title\" content=\"Gemeinderatswahl 2024 - B\u00dcNDNIS 90\/DIE GR\u00dcNEN REILINGEN\" \/>\n<meta property=\"og:description\" content=\"&nbsp; &nbsp; Hier finden Sie Informationen zu unseren Gemeinderatskandidatinnen und -kandidaten Hier finden Sie unser Wahlprogramm f\u00fcr die Gemeinderatswahl am 09.06.2024 Unsere Informationsbrosch\u00fcre mit Wahlprogramm und Kandidatinnen und Kandidaten k\u00f6nnen [&hellip;]\" \/>\n<meta property=\"og:url\" content=\"https:\/\/gruene-reilingen.de\/?page_id=192\" \/>\n<meta property=\"og:site_name\" content=\"B\u00dcNDNIS 90\/DIE GR\u00dcNEN REILINGEN\" \/>\n<meta property=\"article:modified_time\" content=\"2024-04-22T13:00:15+00:00\" \/>\n<meta property=\"og:image\" content=\"https:\/\/gruene-reilingen.de\/wp-content\/uploads\/2024\/04\/Gruene-Reilingen_Gemeinderatswahl-2024_Teaser-Kandidaten.jpg\" \/>\n<meta name=\"twitter:card\" content=\"summary_large_image\" \/>\n<meta name=\"twitter:label1\" content=\"Gesch\u00e4tzte Lesezeit\" \/>\n\t<meta name=\"twitter:data1\" content=\"1\u00a0Minute\" \/>\n<script type=\"application\/ld+json\" class=\"yoast-schema-graph\">{\"@context\":\"https:\\\/\\\/schema.org\",\"@graph\":[{\"@type\":\"WebPage\",\"@id\":\"https:\\\/\\\/gruene-reilingen.de\\\/?page_id=192\",\"url\":\"https:\\\/\\\/gruene-reilingen.de\\\/?page_id=192\",\"name\":\"Gemeinderatswahl 2024 - B\u00dcNDNIS 90\\\/DIE GR\u00dcNEN REILINGEN\",\"isPartOf\":{\"@id\":\"https:\\\/\\\/gruene-reilingen.de\\\/#website\"},\"primaryImageOfPage\":{\"@id\":\"https:\\\/\\\/gruene-reilingen.de\\\/?page_id=192#primaryimage\"},\"image\":{\"@id\":\"https:\\\/\\\/gruene-reilingen.de\\\/?page_id=192#primaryimage\"},\"thumbnailUrl\":\"https:\\\/\\\/gruene-reilingen.de\\\/wp-content\\\/uploads\\\/2024\\\/04\\\/Gruene-Reilingen_Gemeinderatswahl-2024_Teaser-Kandidaten.jpg\",\"datePublished\":\"2014-05-05T00:00:23+00:00\",\"dateModified\":\"2024-04-22T13:00:15+00:00\",\"breadcrumb\":{\"@id\":\"https:\\\/\\\/gruene-reilingen.de\\\/?page_id=192#breadcrumb\"},\"inLanguage\":\"de\",\"potentialAction\":[{\"@type\":\"ReadAction\",\"target\":[\"https:\\\/\\\/gruene-reilingen.de\\\/?page_id=192\"]}]},{\"@type\":\"ImageObject\",\"inLanguage\":\"de\",\"@id\":\"https:\\\/\\\/gruene-reilingen.de\\\/?page_id=192#primaryimage\",\"url\":\"https:\\\/\\\/gruene-reilingen.de\\\/wp-content\\\/uploads\\\/2024\\\/04\\\/Gruene-Reilingen_Gemeinderatswahl-2024_Teaser-Kandidaten.jpg\",\"contentUrl\":\"https:\\\/\\\/gruene-reilingen.de\\\/wp-content\\\/uploads\\\/2024\\\/04\\\/Gruene-Reilingen_Gemeinderatswahl-2024_Teaser-Kandidaten.jpg\",\"width\":380,\"height\":270},{\"@type\":\"BreadcrumbList\",\"@id\":\"https:\\\/\\\/gruene-reilingen.de\\\/?page_id=192#breadcrumb\",\"itemListElement\":[{\"@type\":\"ListItem\",\"position\":1,\"name\":\"Startseite\",\"item\":\"https:\\\/\\\/gruene-reilingen.de\\\/\"},{\"@type\":\"ListItem\",\"position\":2,\"name\":\"Gemeinderatswahl 2024\"}]},{\"@type\":\"WebSite\",\"@id\":\"https:\\\/\\\/gruene-reilingen.de\\\/#website\",\"url\":\"https:\\\/\\\/gruene-reilingen.de\\\/\",\"name\":\"B\u00dcNDNIS 90\\\/DIE GR\u00dcNEN REILINGEN\",\"description\":\"\",\"potentialAction\":[{\"@type\":\"SearchAction\",\"target\":{\"@type\":\"EntryPoint\",\"urlTemplate\":\"https:\\\/\\\/gruene-reilingen.de\\\/?s={search_term_string}\"},\"query-input\":{\"@type\":\"PropertyValueSpecification\",\"valueRequired\":true,\"valueName\":\"search_term_string\"}}],\"inLanguage\":\"de\"}]}<\/script>\n<!-- \/ Yoast SEO plugin. -->","yoast_head_json":{"title":"Gemeinderatswahl 2024 - B\u00dcNDNIS 90\/DIE GR\u00dcNEN REILINGEN","robots":{"index":"index","follow":"follow","max-snippet":"max-snippet:-1","max-image-preview":"max-image-preview:large","max-video-preview":"max-video-preview:-1"},"canonical":"https:\/\/gruene-reilingen.de\/?page_id=192","og_locale":"de_DE","og_type":"article","og_title":"Gemeinderatswahl 2024 - B\u00dcNDNIS 90\/DIE GR\u00dcNEN REILINGEN","og_description":"&nbsp; &nbsp; Hier finden Sie Informationen zu unseren Gemeinderatskandidatinnen und -kandidaten Hier finden Sie unser Wahlprogramm f\u00fcr die Gemeinderatswahl am 09.06.2024 Unsere Informationsbrosch\u00fcre mit Wahlprogramm und Kandidatinnen und Kandidaten k\u00f6nnen [&hellip;]","og_url":"https:\/\/gruene-reilingen.de\/?page_id=192","og_site_name":"B\u00dcNDNIS 90\/DIE GR\u00dcNEN REILINGEN","article_modified_time":"2024-04-22T13:00:15+00:00","og_image":[{"url":"https:\/\/gruene-reilingen.de\/wp-content\/uploads\/2024\/04\/Gruene-Reilingen_Gemeinderatswahl-2024_Teaser-Kandidaten.jpg","type":"","width":"","height":""}],"twitter_card":"summary_large_image","twitter_misc":{"Gesch\u00e4tzte Lesezeit":"1\u00a0Minute"},"schema":{"@context":"https:\/\/schema.org","@graph":[{"@type":"WebPage","@id":"https:\/\/gruene-reilingen.de\/?page_id=192","url":"https:\/\/gruene-reilingen.de\/?page_id=192","name":"Gemeinderatswahl 2024 - B\u00dcNDNIS 90\/DIE GR\u00dcNEN REILINGEN","isPartOf":{"@id":"https:\/\/gruene-reilingen.de\/#website"},"primaryImageOfPage":{"@id":"https:\/\/gruene-reilingen.de\/?page_id=192#primaryimage"},"image":{"@id":"https:\/\/gruene-reilingen.de\/?page_id=192#primaryimage"},"thumbnailUrl":"https:\/\/gruene-reilingen.de\/wp-content\/uploads\/2024\/04\/Gruene-Reilingen_Gemeinderatswahl-2024_Teaser-Kandidaten.jpg","datePublished":"2014-05-05T00:00:23+00:00","dateModified":"2024-04-22T13:00:15+00:00","breadcrumb":{"@id":"https:\/\/gruene-reilingen.de\/?page_id=192#breadcrumb"},"inLanguage":"de","potentialAction":[{"@type":"ReadAction","target":["https:\/\/gruene-reilingen.de\/?page_id=192"]}]},{"@type":"ImageObject","inLanguage":"de","@id":"https:\/\/gruene-reilingen.de\/?page_id=192#primaryimage","url":"https:\/\/gruene-reilingen.de\/wp-content\/uploads\/2024\/04\/Gruene-Reilingen_Gemeinderatswahl-2024_Teaser-Kandidaten.jpg","contentUrl":"https:\/\/gruene-reilingen.de\/wp-content\/uploads\/2024\/04\/Gruene-Reilingen_Gemeinderatswahl-2024_Teaser-Kandidaten.jpg","width":380,"height":270},{"@type":"BreadcrumbList","@id":"https:\/\/gruene-reilingen.de\/?page_id=192#breadcrumb","itemListElement":[{"@type":"ListItem","position":1,"name":"Startseite","item":"https:\/\/gruene-reilingen.de\/"},{"@type":"ListItem","position":2,"name":"Gemeinderatswahl 2024"}]},{"@type":"WebSite","@id":"https:\/\/gruene-reilingen.de\/#website","url":"https:\/\/gruene-reilingen.de\/","name":"B\u00dcNDNIS 90\/DIE GR\u00dcNEN REILINGEN","description":"","potentialAction":[{"@type":"SearchAction","target":{"@type":"EntryPoint","urlTemplate":"https:\/\/gruene-reilingen.de\/?s={search_term_string}"},"query-input":{"@type":"PropertyValueSpecification","valueRequired":true,"valueName":"search_term_string"}}],"inLanguage":"de"}]}},"_links":{"self":[{"href":"https:\/\/gruene-reilingen.de\/index.php?rest_route=\/wp\/v2\/pages\/192","targetHints":{"allow":["GET"]}}],"collection":[{"href":"https:\/\/gruene-reilingen.de\/index.php?rest_route=\/wp\/v2\/pages"}],"about":[{"href":"https:\/\/gruene-reilingen.de\/index.php?rest_route=\/wp\/v2\/types\/page"}],"author":[{"embeddable":true,"href":"https:\/\/gruene-reilingen.de\/index.php?rest_route=\/wp\/v2\/users\/2"}],"replies":[{"embeddable":true,"href":"https:\/\/gruene-reilingen.de\/index.php?rest_route=%2Fwp%2Fv2%2Fcomments&post=192"}],"version-history":[{"count":31,"href":"https:\/\/gruene-reilingen.de\/index.php?rest_route=\/wp\/v2\/pages\/192\/revisions"}],"predecessor-version":[{"id":2743,"href":"https:\/\/gruene-reilingen.de\/index.php?rest_route=\/wp\/v2\/pages\/192\/revisions\/2743"}],"wp:attachment":[{"href":"https:\/\/gruene-reilingen.de\/index.php?rest_route=%2Fwp%2Fv2%2Fmedia&parent=192"}],"curies":[{"name":"wp","href":"https:\/\/api.w.org\/{rel}","templated":true}]}}

<table style="height: 29px;" border="0" width="18">
<tbody>
<tr>
<td>&nbsp;</td>
<td>&nbsp;</td>
</tr>
</tbody>
</table>
<p style="text-align: center;"></p>


<div class="wp-block-media-text alignwide is-stacked-on-mobile"><figure class="wp-block-media-text__media"><img loading="lazy" decoding="async" width="380" height="270" src="https://gruene-reilingen.de/wp-content/uploads/2024/04/Gruene-Reilingen_Gemeinderatswahl-2024_Teaser-Kandidaten.jpg" alt="" class="wp-image-2706 size-full"/></figure><div class="wp-block-media-text__content">
<p><a href="https://gruene-reilingen.de/kandidaten/">Hier finden Sie Informationen zu unseren Gemeinderatskandidatinnen und -kandidaten</a></p>
</div></div>



<p></p>



<div class="wp-block-media-text alignwide is-stacked-on-mobile"><figure class="wp-block-media-text__media"><img loading="lazy" decoding="async" width="380" height="270" src="https://gruene-reilingen.de/wp-content/uploads/2024/04/Gruene-Reilingen_Gemeinderatswahl-2024_Teaser-Wahlprogramm.jpg" alt="" class="wp-image-2705 size-full"/></figure><div class="wp-block-media-text__content">
<p><a href="https://gruene-reilingen.de/wahlprogramm/">Hier finden Sie unser Wahlprogramm für die Gemeinderatswahl am 09.06.2024</a></p>
</div></div>



<p></p>



<div class="wp-block-media-text alignwide is-stacked-on-mobile"><figure class="wp-block-media-text__media"><img loading="lazy" decoding="async" width="380" height="270" src="https://gruene-reilingen.de/wp-content/uploads/2024/04/Gruene-Reilingen_Gemeinderatswahl-2024_Teaser-Flyer.jpg" alt="" class="wp-image-2707 size-full"/></figure><div class="wp-block-media-text__content">
<p>Unsere Informationsbroschüre mit Wahlprogramm und  Kandidatinnen und Kandidaten können Sie <a href="https://gruene-reilingen.de/wp-content/uploads/2024/04/Flyer_Gruene_Gemeinderatswahl-2024.pdf">hier herunterladen</a> (PDF-Datei)</p>
</div></div>

<p>&nbsp; &nbsp; Hier finden Sie Informationen zu unseren Gemeinderatskandidatinnen und -kandidaten Hier finden Sie unser Wahlprogramm für die Gemeinderatswahl am 09.06.2024 Unsere Informationsbroschüre mit Wahlprogramm und Kandidatinnen und Kandidaten können [&hellip;]</p>

<!-- This site is optimized with the Yoast SEO plugin v27.5 - https://yoast.com/product/yoast-seo-wordpress/ -->
<title>Gemeinderatswahl 2024 - BÜNDNIS 90/DIE GRÜNEN REILINGEN</title>
<meta name="robots" content="index, follow, max-snippet:-1, max-image-preview:large, max-video-preview:-1" />
<link rel="canonical" href="https://gruene-reilingen.de/?page_id=192" />
<meta property="og:locale" content="de_DE" />
<meta property="og:type" content="article" />
<meta property="og:title" content="Gemeinderatswahl 2024 - BÜNDNIS 90/DIE GRÜNEN REILINGEN" />
<meta property="og:description" content="&nbsp; &nbsp; Hier finden Sie Informationen zu unseren Gemeinderatskandidatinnen und -kandidaten Hier finden Sie unser Wahlprogramm für die Gemeinderatswahl am 09.06.2024 Unsere Informationsbroschüre mit Wahlprogramm und Kandidatinnen und Kandidaten können [&hellip;]" />
<meta property="og:url" content="https://gruene-reilingen.de/?page_id=192" />
<meta property="og:site_name" content="BÜNDNIS 90/DIE GRÜNEN REILINGEN" />
<meta property="article:modified_time" content="2024-04-22T13:00:15+00:00" />
<meta property="og:image" content="https://gruene-reilingen.de/wp-content/uploads/2024/04/Gruene-Reilingen_Gemeinderatswahl-2024_Teaser-Kandidaten.jpg" />
<meta name="twitter:card" content="summary_large_image" />
<meta name="twitter:label1" content="Geschätzte Lesezeit" />
	<meta name="twitter:data1" content="1 Minute" />
<script type="application/ld+json" class="yoast-schema-graph">{"@context":"https:\/\/schema.org","@graph":[{"@type":"WebPage","@id":"https:\/\/gruene-reilingen.de\/?page_id=192","url":"https:\/\/gruene-reilingen.de\/?page_id=192","name":"Gemeinderatswahl 2024 - BÜNDNIS 90\/DIE GRÜNEN REILINGEN","isPartOf":{"@id":"https:\/\/gruene-reilingen.de\/#website"},"primaryImageOfPage":{"@id":"https:\/\/gruene-reilingen.de\/?page_id=192#primaryimage"},"image":{"@id":"https:\/\/gruene-reilingen.de\/?page_id=192#primaryimage"},"thumbnailUrl":"https:\/\/gruene-reilingen.de\/wp-content\/uploads\/2024\/04\/Gruene-Reilingen_Gemeinderatswahl-2024_Teaser-Kandidaten.jpg","datePublished":"2014-05-05T00:00:23+00:00","dateModified":"2024-04-22T13:00:15+00:00","breadcrumb":{"@id":"https:\/\/gruene-reilingen.de\/?page_id=192#breadcrumb"},"inLanguage":"de","potentialAction":[{"@type":"ReadAction","target":["https:\/\/gruene-reilingen.de\/?page_id=192"]}]},{"@type":"ImageObject","inLanguage":"de","@id":"https:\/\/gruene-reilingen.de\/?page_id=192#primaryimage","url":"https:\/\/gruene-reilingen.de\/wp-content\/uploads\/2024\/04\/Gruene-Reilingen_Gemeinderatswahl-2024_Teaser-Kandidaten.jpg","contentUrl":"https:\/\/gruene-reilingen.de\/wp-content\/uploads\/2024\/04\/Gruene-Reilingen_Gemeinderatswahl-2024_Teaser-Kandidaten.jpg","width":380,"height":270},{"@type":"BreadcrumbList","@id":"https:\/\/gruene-reilingen.de\/?page_id=192#breadcrumb","itemListElement":[{"@type":"ListItem","position":1,"name":"Startseite","item":"https:\/\/gruene-reilingen.de\/"},{"@type":"ListItem","position":2,"name":"Gemeinderatswahl 2024"}]},{"@type":"WebSite","@id":"https:\/\/gruene-reilingen.de\/#website","url":"https:\/\/gruene-reilingen.de\/","name":"BÜNDNIS 90\/DIE GRÜNEN REILINGEN","description":"","potentialAction":[{"@type":"SearchAction","target":{"@type":"EntryPoint","urlTemplate":"https:\/\/gruene-reilingen.de\/?s={search_term_string}"},"query-input":{"@type":"PropertyValueSpecification","valueRequired":true,"valueName":"search_term_string"}}],"inLanguage":"de"}]}</script>
<!-- / Yoast SEO plugin. -->

Gemeinderatswahl 2024 - BÜNDNIS 90/DIE GRÜNEN REILINGEN

&nbsp; &nbsp; Hier finden Sie Informationen zu unseren Gemeinderatskandidatinnen und -kandidaten Hier finden Sie unser Wahlprogramm für die Gemeinderatswahl am 09.06.2024 Unsere Informationsbroschüre mit Wahlprogramm und Kandidatinnen und Kandidaten können [&hellip;]

BÜNDNIS 90/DIE GRÜNEN REILINGEN
