{"id":65,"date":"2014-04-12T15:08:28","date_gmt":"2014-04-12T15:08:28","guid":{"rendered":"http:\/\/450841.test-my-website.de\/?page_id=65"},"modified":"2026-01-04T11:07:22","modified_gmt":"2026-01-04T11:07:22","slug":"ueber-uns","status":"publish","type":"page","link":"https:\/\/gruene-reilingen.de\/?page_id=65","title":{"rendered":"Ortsverband"},"content":{"rendered":"<p>Im September 2013 hat sich der Ortsverband von B\u00fcndnis&#8217;90-Die Gr\u00fcnen in Reilingen gegr\u00fcndet. Ziele sind u.a. eine bessere B\u00fcrgerbeteiligung und Transparenz, Natur- und Umweltschutz sowie die Sicherung des Schulstandortes.<\/p>\n<p><strong>Gr\u00fcne im Dialog<\/strong><\/p>\n<p>Zu aktuellen Reilinger Themen werden Veranstaltungen mit Experten durchgef\u00fchrt. Auftakt war ein Vortrag von Dr. Ute Kratzmeier (GEW) mit dem Titel &#8222;Gemeinschaftsschule &#8211; ein Thema f\u00fcr Reilingen?&#8220;.<\/p>\n<p>Regelm\u00e4\u00dfig bei den Reilinger Gr\u00fcnen zu Gast sind\u00a0auch die Abgeordneten Adolf H\u00e4rdle (Kreisrat) und Dr. Andre Baumann (Landtagsabgeordneter im Wahlkreis Schwetzingen und Umweltstaatssekret\u00e4r).<\/p>\n<p>Die Reilinger Gr\u00fcnen treffen sich einmal monatlich zum \u00f6ffentlichen Gr\u00fcnen Stammtisch.<\/p>\n<p><strong>Gr\u00fcne Tauschpartys<\/strong><\/p>\n<p>Im April veranstalten die Reilinger Gr\u00fcnen ihre Kleidertauschparty.<\/p>\n<p>Anfang Mai wird die Pflanzentauschparty durchgef\u00fchrt.<\/p>\n<p><strong>Gr\u00fcnes Kino<\/strong><\/p>\n<p>In der Reihe &#8222;Gr\u00fcnes Kino&#8220; werden verschiedene Dokumentarfilme gezeigt. Zum Auftakt wurde\u00a0der Film &#8222;10 Milliarden &#8211; wie werden wir alle satt&#8220; im Rieglerhaus gezeigt. Als Experte beantwortete\u00a0der Reilinger Biolandwirt Michael Hoffmann zahlreiche Fragen der G\u00e4ste.<\/p>\n<p>Beim 2. Gr\u00fcnen Kino zeigten die Gr\u00fcnen den Klimawandel-Film &#8222;Before The Flood&#8220;. Als Experte war Umweltstaatssekret\u00e4r Dr. Andre Baumann zu Gast.<\/p>\n<p>Zum 3. Gr\u00fcnen Kino wurde der Film &#8222;The True Cost-Der Preis der Mode&#8220; gezeigt. Der Hockenheimer Weltladen Arche war zu Gast und zeigte fair gehandelte Produkte und Textilien.<\/p>\n<p>Der kapitalismuskritische Film &#8222;System Error&#8220; wurde beim 4.Gr\u00fcnen Kino gezeigt. Bundestagsabgeordneter Dr. Danyal Bayaz war als Experte dabei und beantwortete viele vor allem wirtschaftspolitische Fragen.<\/p>\n<p>&#8222;Das Wunder von Mals&#8220; ist ein Dokumentarfilm \u00fcber eine pestizidfreie Gemeinde in S\u00fcdtirol. Dieser Film wurde beim 5. Gr\u00fcnen Kino gezeigt. Biolandwirt Hubert Merz war als Experte zu Gast.<\/p>\n<p>Beim 6.Gr\u00fcnen Kino wurde der Film &#8222;Die Welt sind wir &#8211; Wege in eine lebenswerte Zukunft&#8220; gezeigt. Die Interviewerin des Films, Melike Frickinger war zu Gast beim Kinoabend.<\/p>\n<p><strong>Der OV-Vorstand setzt sich aus folgenden Personen zusammen:<\/strong><\/p>\n<p>Vorstandssprecherin: Anna-Lena\u00a0Becker<\/p>\n<p>Vorstandssprecher: Jochen Rotter<\/p>\n<p>Kassier: Oliver Keim<\/p>\n<p>Schriftf\u00fchrerin: Maren Schulte<\/p>\n<p>Kassenpr\u00fcferin: Lisa Dorn<\/p>\n<p>Kassenpr\u00fcfer: Thomas Brox<\/p>\n","protected":false},"excerpt":{"rendered":"<p>Im September 2013 hat sich der Ortsverband von B\u00fcndnis&#8217;90-Die Gr\u00fcnen in Reilingen gegr\u00fcndet. Ziele sind u.a. eine bessere B\u00fcrgerbeteiligung und Transparenz, Natur- und Umweltschutz sowie die Sicherung des Schulstandortes. Gr\u00fcne [&hellip;]<\/p>\n","protected":false},"author":2,"featured_media":0,"parent":0,"menu_order":10,"comment_status":"closed","ping_status":"closed","template":"","meta":{"footnotes":""},"class_list":["post-65","page","type-page","status-publish","hentry"],"yoast_head":"<!-- This site is optimized with the Yoast SEO plugin v27.5 - https:\/\/yoast.com\/product\/yoast-seo-wordpress\/ -->\n<title>Ortsverband - B\u00dcNDNIS 90\/DIE GR\u00dcNEN REILINGEN<\/title>\n<meta name=\"robots\" content=\"index, follow, max-snippet:-1, max-image-preview:large, max-video-preview:-1\" \/>\n<link rel=\"canonical\" href=\"https:\/\/gruene-reilingen.de\/?page_id=65\" \/>\n<meta property=\"og:locale\" content=\"de_DE\" \/>\n<meta property=\"og:type\" content=\"article\" \/>\n<meta property=\"og:title\" content=\"Ortsverband - B\u00dcNDNIS 90\/DIE GR\u00dcNEN REILINGEN\" \/>\n<meta property=\"og:description\" content=\"Im September 2013 hat sich der Ortsverband von B\u00fcndnis&#8217;90-Die Gr\u00fcnen in Reilingen gegr\u00fcndet. Ziele sind u.a. eine bessere B\u00fcrgerbeteiligung und Transparenz, Natur- und Umweltschutz sowie die Sicherung des Schulstandortes. Gr\u00fcne [&hellip;]\" \/>\n<meta property=\"og:url\" content=\"https:\/\/gruene-reilingen.de\/?page_id=65\" \/>\n<meta property=\"og:site_name\" content=\"B\u00dcNDNIS 90\/DIE GR\u00dcNEN REILINGEN\" \/>\n<meta property=\"article:modified_time\" content=\"2026-01-04T11:07:22+00:00\" \/>\n<meta name=\"twitter:card\" content=\"summary_large_image\" \/>\n<meta name=\"twitter:label1\" content=\"Gesch\u00e4tzte Lesezeit\" \/>\n\t<meta name=\"twitter:data1\" content=\"2\u00a0Minuten\" \/>\n<script type=\"application\/ld+json\" class=\"yoast-schema-graph\">{\"@context\":\"https:\\\/\\\/schema.org\",\"@graph\":[{\"@type\":\"WebPage\",\"@id\":\"https:\\\/\\\/gruene-reilingen.de\\\/?page_id=65\",\"url\":\"https:\\\/\\\/gruene-reilingen.de\\\/?page_id=65\",\"name\":\"Ortsverband - B\u00dcNDNIS 90\\\/DIE GR\u00dcNEN REILINGEN\",\"isPartOf\":{\"@id\":\"https:\\\/\\\/gruene-reilingen.de\\\/#website\"},\"datePublished\":\"2014-04-12T15:08:28+00:00\",\"dateModified\":\"2026-01-04T11:07:22+00:00\",\"breadcrumb\":{\"@id\":\"https:\\\/\\\/gruene-reilingen.de\\\/?page_id=65#breadcrumb\"},\"inLanguage\":\"de\",\"potentialAction\":[{\"@type\":\"ReadAction\",\"target\":[\"https:\\\/\\\/gruene-reilingen.de\\\/?page_id=65\"]}]},{\"@type\":\"BreadcrumbList\",\"@id\":\"https:\\\/\\\/gruene-reilingen.de\\\/?page_id=65#breadcrumb\",\"itemListElement\":[{\"@type\":\"ListItem\",\"position\":1,\"name\":\"Startseite\",\"item\":\"https:\\\/\\\/gruene-reilingen.de\\\/\"},{\"@type\":\"ListItem\",\"position\":2,\"name\":\"Ortsverband\"}]},{\"@type\":\"WebSite\",\"@id\":\"https:\\\/\\\/gruene-reilingen.de\\\/#website\",\"url\":\"https:\\\/\\\/gruene-reilingen.de\\\/\",\"name\":\"B\u00dcNDNIS 90\\\/DIE GR\u00dcNEN REILINGEN\",\"description\":\"\",\"potentialAction\":[{\"@type\":\"SearchAction\",\"target\":{\"@type\":\"EntryPoint\",\"urlTemplate\":\"https:\\\/\\\/gruene-reilingen.de\\\/?s={search_term_string}\"},\"query-input\":{\"@type\":\"PropertyValueSpecification\",\"valueRequired\":true,\"valueName\":\"search_term_string\"}}],\"inLanguage\":\"de\"}]}<\/script>\n<!-- \/ Yoast SEO plugin. -->","yoast_head_json":{"title":"Ortsverband - B\u00dcNDNIS 90\/DIE GR\u00dcNEN REILINGEN","robots":{"index":"index","follow":"follow","max-snippet":"max-snippet:-1","max-image-preview":"max-image-preview:large","max-video-preview":"max-video-preview:-1"},"canonical":"https:\/\/gruene-reilingen.de\/?page_id=65","og_locale":"de_DE","og_type":"article","og_title":"Ortsverband - B\u00dcNDNIS 90\/DIE GR\u00dcNEN REILINGEN","og_description":"Im September 2013 hat sich der Ortsverband von B\u00fcndnis&#8217;90-Die Gr\u00fcnen in Reilingen gegr\u00fcndet. Ziele sind u.a. eine bessere B\u00fcrgerbeteiligung und Transparenz, Natur- und Umweltschutz sowie die Sicherung des Schulstandortes. Gr\u00fcne [&hellip;]","og_url":"https:\/\/gruene-reilingen.de\/?page_id=65","og_site_name":"B\u00dcNDNIS 90\/DIE GR\u00dcNEN REILINGEN","article_modified_time":"2026-01-04T11:07:22+00:00","twitter_card":"summary_large_image","twitter_misc":{"Gesch\u00e4tzte Lesezeit":"2\u00a0Minuten"},"schema":{"@context":"https:\/\/schema.org","@graph":[{"@type":"WebPage","@id":"https:\/\/gruene-reilingen.de\/?page_id=65","url":"https:\/\/gruene-reilingen.de\/?page_id=65","name":"Ortsverband - B\u00dcNDNIS 90\/DIE GR\u00dcNEN REILINGEN","isPartOf":{"@id":"https:\/\/gruene-reilingen.de\/#website"},"datePublished":"2014-04-12T15:08:28+00:00","dateModified":"2026-01-04T11:07:22+00:00","breadcrumb":{"@id":"https:\/\/gruene-reilingen.de\/?page_id=65#breadcrumb"},"inLanguage":"de","potentialAction":[{"@type":"ReadAction","target":["https:\/\/gruene-reilingen.de\/?page_id=65"]}]},{"@type":"BreadcrumbList","@id":"https:\/\/gruene-reilingen.de\/?page_id=65#breadcrumb","itemListElement":[{"@type":"ListItem","position":1,"name":"Startseite","item":"https:\/\/gruene-reilingen.de\/"},{"@type":"ListItem","position":2,"name":"Ortsverband"}]},{"@type":"WebSite","@id":"https:\/\/gruene-reilingen.de\/#website","url":"https:\/\/gruene-reilingen.de\/","name":"B\u00dcNDNIS 90\/DIE GR\u00dcNEN REILINGEN","description":"","potentialAction":[{"@type":"SearchAction","target":{"@type":"EntryPoint","urlTemplate":"https:\/\/gruene-reilingen.de\/?s={search_term_string}"},"query-input":{"@type":"PropertyValueSpecification","valueRequired":true,"valueName":"search_term_string"}}],"inLanguage":"de"}]}},"_links":{"self":[{"href":"https:\/\/gruene-reilingen.de\/index.php?rest_route=\/wp\/v2\/pages\/65","targetHints":{"allow":["GET"]}}],"collection":[{"href":"https:\/\/gruene-reilingen.de\/index.php?rest_route=\/wp\/v2\/pages"}],"about":[{"href":"https:\/\/gruene-reilingen.de\/index.php?rest_route=\/wp\/v2\/types\/page"}],"author":[{"embeddable":true,"href":"https:\/\/gruene-reilingen.de\/index.php?rest_route=\/wp\/v2\/users\/2"}],"replies":[{"embeddable":true,"href":"https:\/\/gruene-reilingen.de\/index.php?rest_route=%2Fwp%2Fv2%2Fcomments&post=65"}],"version-history":[{"count":42,"href":"https:\/\/gruene-reilingen.de\/index.php?rest_route=\/wp\/v2\/pages\/65\/revisions"}],"predecessor-version":[{"id":3301,"href":"https:\/\/gruene-reilingen.de\/index.php?rest_route=\/wp\/v2\/pages\/65\/revisions\/3301"}],"wp:attachment":[{"href":"https:\/\/gruene-reilingen.de\/index.php?rest_route=%2Fwp%2Fv2%2Fmedia&parent=65"}],"curies":[{"name":"wp","href":"https:\/\/api.w.org\/{rel}","templated":true}]}}

<p>Im September 2013 hat sich der Ortsverband von Bündnis&#8217;90-Die Grünen in Reilingen gegründet. Ziele sind u.a. eine bessere Bürgerbeteiligung und Transparenz, Natur- und Umweltschutz sowie die Sicherung des Schulstandortes.</p>
<p><strong>Grüne im Dialog</strong></p>
<p>Zu aktuellen Reilinger Themen werden Veranstaltungen mit Experten durchgeführt. Auftakt war ein Vortrag von Dr. Ute Kratzmeier (GEW) mit dem Titel &#8222;Gemeinschaftsschule &#8211; ein Thema für Reilingen?&#8220;.</p>
<p>Regelmäßig bei den Reilinger Grünen zu Gast sind auch die Abgeordneten Adolf Härdle (Kreisrat) und Dr. Andre Baumann (Landtagsabgeordneter im Wahlkreis Schwetzingen und Umweltstaatssekretär).</p>
<p>Die Reilinger Grünen treffen sich einmal monatlich zum öffentlichen Grünen Stammtisch.</p>
<p><strong>Grüne Tauschpartys</strong></p>
<p>Im April veranstalten die Reilinger Grünen ihre Kleidertauschparty.</p>
<p>Anfang Mai wird die Pflanzentauschparty durchgeführt.</p>
<p><strong>Grünes Kino</strong></p>
<p>In der Reihe &#8222;Grünes Kino&#8220; werden verschiedene Dokumentarfilme gezeigt. Zum Auftakt wurde der Film &#8222;10 Milliarden &#8211; wie werden wir alle satt&#8220; im Rieglerhaus gezeigt. Als Experte beantwortete der Reilinger Biolandwirt Michael Hoffmann zahlreiche Fragen der Gäste.</p>
<p>Beim 2. Grünen Kino zeigten die Grünen den Klimawandel-Film &#8222;Before The Flood&#8220;. Als Experte war Umweltstaatssekretär Dr. Andre Baumann zu Gast.</p>
<p>Zum 3. Grünen Kino wurde der Film &#8222;The True Cost-Der Preis der Mode&#8220; gezeigt. Der Hockenheimer Weltladen Arche war zu Gast und zeigte fair gehandelte Produkte und Textilien.</p>
<p>Der kapitalismuskritische Film &#8222;System Error&#8220; wurde beim 4.Grünen Kino gezeigt. Bundestagsabgeordneter Dr. Danyal Bayaz war als Experte dabei und beantwortete viele vor allem wirtschaftspolitische Fragen.</p>
<p>&#8222;Das Wunder von Mals&#8220; ist ein Dokumentarfilm über eine pestizidfreie Gemeinde in Südtirol. Dieser Film wurde beim 5. Grünen Kino gezeigt. Biolandwirt Hubert Merz war als Experte zu Gast.</p>
<p>Beim 6.Grünen Kino wurde der Film &#8222;Die Welt sind wir &#8211; Wege in eine lebenswerte Zukunft&#8220; gezeigt. Die Interviewerin des Films, Melike Frickinger war zu Gast beim Kinoabend.</p>
<p><strong>Der OV-Vorstand setzt sich aus folgenden Personen zusammen:</strong></p>
<p>Vorstandssprecherin: Anna-Lena Becker</p>
<p>Vorstandssprecher: Jochen Rotter</p>
<p>Kassier: Oliver Keim</p>
<p>Schriftführerin: Maren Schulte</p>
<p>Kassenprüferin: Lisa Dorn</p>
<p>Kassenprüfer: Thomas Brox</p>

<p>Im September 2013 hat sich der Ortsverband von Bündnis&#8217;90-Die Grünen in Reilingen gegründet. Ziele sind u.a. eine bessere Bürgerbeteiligung und Transparenz, Natur- und Umweltschutz sowie die Sicherung des Schulstandortes. Grüne [&hellip;]</p>

<!-- This site is optimized with the Yoast SEO plugin v27.5 - https://yoast.com/product/yoast-seo-wordpress/ -->
<title>Ortsverband - BÜNDNIS 90/DIE GRÜNEN REILINGEN</title>
<meta name="robots" content="index, follow, max-snippet:-1, max-image-preview:large, max-video-preview:-1" />
<link rel="canonical" href="https://gruene-reilingen.de/?page_id=65" />
<meta property="og:locale" content="de_DE" />
<meta property="og:type" content="article" />
<meta property="og:title" content="Ortsverband - BÜNDNIS 90/DIE GRÜNEN REILINGEN" />
<meta property="og:description" content="Im September 2013 hat sich der Ortsverband von Bündnis&#8217;90-Die Grünen in Reilingen gegründet. Ziele sind u.a. eine bessere Bürgerbeteiligung und Transparenz, Natur- und Umweltschutz sowie die Sicherung des Schulstandortes. Grüne [&hellip;]" />
<meta property="og:url" content="https://gruene-reilingen.de/?page_id=65" />
<meta property="og:site_name" content="BÜNDNIS 90/DIE GRÜNEN REILINGEN" />
<meta property="article:modified_time" content="2026-01-04T11:07:22+00:00" />
<meta name="twitter:card" content="summary_large_image" />
<meta name="twitter:label1" content="Geschätzte Lesezeit" />
	<meta name="twitter:data1" content="2 Minuten" />
<script type="application/ld+json" class="yoast-schema-graph">{"@context":"https:\/\/schema.org","@graph":[{"@type":"WebPage","@id":"https:\/\/gruene-reilingen.de\/?page_id=65","url":"https:\/\/gruene-reilingen.de\/?page_id=65","name":"Ortsverband - BÜNDNIS 90\/DIE GRÜNEN REILINGEN","isPartOf":{"@id":"https:\/\/gruene-reilingen.de\/#website"},"datePublished":"2014-04-12T15:08:28+00:00","dateModified":"2026-01-04T11:07:22+00:00","breadcrumb":{"@id":"https:\/\/gruene-reilingen.de\/?page_id=65#breadcrumb"},"inLanguage":"de","potentialAction":[{"@type":"ReadAction","target":["https:\/\/gruene-reilingen.de\/?page_id=65"]}]},{"@type":"BreadcrumbList","@id":"https:\/\/gruene-reilingen.de\/?page_id=65#breadcrumb","itemListElement":[{"@type":"ListItem","position":1,"name":"Startseite","item":"https:\/\/gruene-reilingen.de\/"},{"@type":"ListItem","position":2,"name":"Ortsverband"}]},{"@type":"WebSite","@id":"https:\/\/gruene-reilingen.de\/#website","url":"https:\/\/gruene-reilingen.de\/","name":"BÜNDNIS 90\/DIE GRÜNEN REILINGEN","description":"","potentialAction":[{"@type":"SearchAction","target":{"@type":"EntryPoint","urlTemplate":"https:\/\/gruene-reilingen.de\/?s={search_term_string}"},"query-input":{"@type":"PropertyValueSpecification","valueRequired":true,"valueName":"search_term_string"}}],"inLanguage":"de"}]}</script>
<!-- / Yoast SEO plugin. -->

Ortsverband - BÜNDNIS 90/DIE GRÜNEN REILINGEN

Im September 2013 hat sich der Ortsverband von Bündnis&#8217;90-Die Grünen in Reilingen gegründet. Ziele sind u.a. eine bessere Bürgerbeteiligung und Transparenz, Natur- und Umweltschutz sowie die Sicherung des Schulstandortes. Grüne [&hellip;]

BÜNDNIS 90/DIE GRÜNEN REILINGEN
